me factors of 41223903?
3, 7, 73, 26891
What are the prime factors of 42406878?
2, 3, 47, 150379
List the prime factors of 630442.
2, 101, 3121
What are the prime factors of 43178348?
2, 10794587
What are the prime factors of 11401466?
2, 29, 53, 3709
List the prime factors of 114900223.
71, 349, 4637
List the prime factors of 25230641.
2179, 11579
What are the prime factors of 71387470?
2, 5, 7, 11, 83, 1117
List the prime factors of 92020452.
2, 3, 61, 125711
List the prime factors of 147068623.
13, 11312971
List the prime factors of 3353140432.
2, 3571, 58687
What are the prime factors of 334176117?
3, 11, 41, 61, 4049
List the prime factors of 26863469.
1889, 14221
What are the prime factors of 865283351?
19, 181, 251609
List the prime factors of 122766091.
7, 563, 31151
What are the prime factors of 14239315?
5, 2847863
What are the prime factors of 8606004?
2, 3, 11, 5927
List the prime factors of 2732619065.
5, 11, 89, 151, 3697
What are the prime factors of 20991407?
433, 48479
List the prime factors of 124614534.
2, 3, 11, 487, 3877
List the prime factors of 1671773519.
13, 9892151
What are the prime factors of 1641171098?
2, 7, 47, 463, 5387
What are the prime factors of 2259386048?
2, 23, 223, 6883
What are the prime factors of 834747717?
3, 23, 593, 887
List the prime factors of 2248445944.
2, 5399, 52057
List the prime factors of 78651557.
31, 2537147
List the prime factors of 567678480.
2, 3, 5, 29, 81563
What are the prime factors of 620752494?
2, 3, 31, 3337379
List the prime factors of 3458388029.
3458388029
What are the prime factors of 2064314407?
2064314407
List the prime factors of 133643859.
3, 1543, 28871
What are the prime factors of 3337950496?
2, 104310953
What are the prime factors of 181778119?
29, 181, 34631
List the prime factors of 4117998798.
2, 3, 23, 3315619
List the prime factors of 9045774.
2, 3, 502543
What are the prime factors of 365357014?
2, 11, 16607137
List the prime factors of 3137772816.
2, 3, 491, 4931
What are the prime factors of 124518667?
7, 13, 1368337
What are the prime factors of 13280864?
2, 173, 2399
What are the prime factors of 12562023?
3, 773, 5417
List the prime factors of 29869849.
139, 214891
List the prime factors of 49943877.
3, 67, 248477
List the prime factors of 728679844.
2, 107, 1702523
List the prime factors of 270510558.
2, 3, 491, 91823
What are the prime factors of 1834736630?
2, 5, 183473663
What are the prime factors of 2036120709?
3, 7, 96958129
What are the prime factors of 8760866288?
2, 797, 687019
What are the prime factors of 53879171?
17, 1523, 2081
List the prime factors of 2862837673.
19, 821, 183527
List the prime factors of 21152027.
13, 1627079
What are the prime factors of 398073814?
2, 157, 389, 3259
What are the prime factors of 197393880?
2, 3, 5, 1644949
List the prime factors of 527939630.
2, 5, 52793963
List the prime factors of 69926533.
107, 653519
What are the prime factors of 11823319?
127, 93097
List the prime factors of 10911454.
2, 5455727
What are the prime factors of 3085114156?
2, 89, 8666051
What are the prime factors of 708406332?
2, 3, 59033861
What are the prime factors of 126475143?
3, 61, 691121
What are the prime factors of 760650190?
2, 5, 101, 131, 5749
List the prime factors of 47103645.
3, 5, 3140243
What are the prime factors of 149185196?
2, 83, 449353
List the prime factors of 6636304818.
2, 3, 11, 13, 2578207
List the prime factors of 575843506.
2, 7, 37, 1111667
List the prime factors of 42523009.
42523009
List the prime factors of 48969488.
2, 47, 65119
List the prime factors of 224031417.
3, 74677139
What are the prime factors of 6293094?
2, 3, 17, 103, 599
What are the prime factors of 2080329552?
2, 3, 7, 2063819
What are the prime factors of 43795660?
2, 5, 2189783
What are the prime factors of 7165978626?
2, 3, 37, 32279183
What are the prime factors of 383779714?
2, 823, 233159
What are the prime factors of 23491533?
3, 13, 23, 26189
What are the prime factors of 59580774?
2, 3, 11, 61, 4933
List the prime factors of 65604013.
65604013
What are the prime factors of 476431?
347, 1373
What are the prime factors of 1894155771?
3, 19, 33230803
What are the prime factors of 4865049?
3, 7, 25741
What are the prime factors of 94130871?
3, 31376957
What are the prime factors of 40936386?
2, 3, 547, 12473
What are the prime factors of 1120680852?
2, 3, 149, 173, 3623
List the prime factors of 4491733.
19, 236407
What are the prime factors of 1786926340?
2, 5, 101, 884617
What are the prime factors of 243239077?
17, 1087, 13163
List the prime factors of 87412567.
11, 2591, 3067
List the prime factors of 166146877.
13, 3457, 3697
What are the prime factors of 90017675?
5, 11, 327337
What are the prime factors of 452377009?
7, 64625287
What are the prime factors of 3107722250?
2, 5, 47, 264487
What are the prime factors of 1258645533?
3, 419548511
What are the prime factors of 111706824?
2, 3, 59, 78889
What are the prime factors of 105885645?
3, 5, 7059043
What are the prime factors of 833907534?
2, 3, 59, 2355671
List the prime factors of 234138216.
2, 3, 13, 19, 127, 311
What are the prime factors of 6439223?
7, 83, 11083
What are the prime factors of 15021722?
2, 599, 12539
List the prime factors of 566850585.
3, 5, 7, 5398577
List the prime factors of 125906453.
379, 332207
List the prime factors of 198015293.
7, 953, 29683
What are the prime factors of 1528006702?
2, 23, 367, 90511
What are the prime factors of 116364833?
13, 8951141
List the prime factors of 123430191.
3, 41143397
What are the prime factors of 38547429?
3, 191, 67273
What are the prime factors of 62269346?
2, 19, 1163, 1409
List the prime factors of 27838991.
1117, 24923
What are the prime factors of 169699554?
2, 3, 9427753
List the prime factors of 164321398.
2, 107, 767857
List the prime factors of 282796900.
2, 5, 2827969
List the prime factors of 426373659.
3, 31, 659, 773
What are the prime factors of 8609224?
2, 13, 82781
What are the prime factors of 72324456?
2, 3, 3013519
What are the prime factors of 4584862645?
5, 11, 31, 193, 13933
List the prime factors of 7532390472.
2, 3, 313849603
What are the prime factors of 3168778842?
2, 3, 383, 419, 1097
List the prime factors of 2091183775.
5, 811, 103141
List the prime factors of 2311034406.
2, 3, 385172401
What are the prime factors of 475405080?
2, 3, 5, 19, 208511
What are the prime factors of 5750327009?
7, 821475287
List the prime factors of 6629123489.
379, 17491091
What are the prime factors of 302224149?
3, 11193487
List the prime factors of 1837900687.
7, 1087, 241543
What are the prime factors of 57750965?
5, 11550193
What are the prime factors of 4156163?
11, 47, 8039
What are the prime factors of 1216245649?
47, 25877567
What are the prime factors of 60646354?
2, 23, 31, 71, 599
What are the prime factors of 457112751?
3, 127, 199, 6029
What are the prime factors of 1644547865?
5, 53, 487, 12743
What are the prime factors of 534943683?
3, 23, 287141
List the prime factors of 252961451.
252961451
List the prime factors of 245111444.
2, 61277861
List the prime factors of 186025888.
2, 5813309
List the prime factors of 428502038.
2, 214251019
What are the prime factors of 179965856?
2, 7, 307, 2617
List the prime factors of 13791668.
2, 11, 307, 1021
List the prime factors of 6954545258.
2, 12721, 273349
List the prime factors of 29311121.
7, 4187303
List the prime factors of 2276209690.
2, 5, 19, 630529
List the prime factors of 188657623.
7, 11, 73, 33563
List the prime factors of 1678230230.
2, 5, 43, 3902861
List the prime factors of 741758154.
2, 3, 123626359
List the prime factors of 164059151.
164059151
What are the prime factors of 2502443597?
31, 193, 418259
List the prime factors of 244337944.
2, 30542243
List the prime factors of 125677654.
2, 109, 199, 2897
What are the prime factors of 247959130?
2, 5, 24795913
List the prime factors of 257199882.
2, 3, 42866647
What are the prime factors of 478794842?
2, 239397421
What are the prime factors of 243271062?
2, 3, 1103, 12253
What are the prime factors of 376938705?
3, 5, 11, 13, 17, 10337
What are the prime factors of 1778843678?
2, 8849, 100511
What are the prime factors of 573908381?
573908381
List the prime factors of 6862